2, what is -100 - 1000001100?
-1000010000
In base 14, what is 6 + 10?
16
In base 15, what is -5 - -50?
4a
In base 15, what is 10b - -6?
112
In base 12, what is 1a6 + 11?
1b7
In base 2, what is -10110011 - -101?
-10101110
In base 13, what is 2ca9 + 2?
2cab
In base 6, what is -30 + 2?
-24
In base 10, what is -21 + 4?
-17
In base 7, what is 614 + -13?
601
In base 4, what is -120 - -12?
-102
In base 16, what is 2 + -4d6?
-4d4
In base 7, what is -1645 - 14?
-1662
In base 7, what is 655 + 0?
655
In base 6, what is -501 - 1?
-502
In base 8, what is 2 + -115?
-113
In base 7, what is 24364 + 3?
24400
In base 5, what is -1221101 + 3?
-1221043
In base 5, what is 34 - 1023?
-434
In base 2, what is 1100001110000 - -100?
1100001110100
In base 8, what is 5 - -505?
512
In base 12, what is 5 + ab?
b4
In base 13, what is 2 + 55?
57
In base 15, what is -8 - -10?
7
In base 3, what is -2202 + 1?
-2201
In base 5, what is 1 + 10?
11
In base 8, what is 0 - -21?
21
In base 9, what is -4 - -16?
12
In base 16, what is 5 - -184?
189
In base 13, what is -4 + -3295?
-3299
In base 9, what is -231 - -3?
-227
In base 6, what is 125514 + 3?
125521
In base 8, what is -3 + -744?
-747
In base 10, what is -52 - 6?
-58
In base 15, what is -5 + 22a?
225
In base 3, what is -10121111 - 11?
-10121122
In base 14, what is -4 - 24c?
-252
In base 11, what is 9 + 1916?
1924
In base 4, what is 11 - -322?
333
In base 4, what is 2100123 + 1?
2100130
In base 7, what is 2215 - 1?
2214
In base 15, what is -3 - 19c?
-1a0
In base 13, what is 2 + -8b3?
-8b1
In base 7, what is 4 + -15632?
-15625
In base 14, what is b97 - -3?
b9a
In base 5, what is -10010 - -11?
-4444
In base 15, what is -a + 5?
-5
In base 13, what is 37 - -1?
38
In base 16, what is 1 + ef?
f0
In base 5, what is 140 + 120?
310
In base 15, what is -9e + -7?
-a6
In base 14, what is 0 + 3d9?
3d9
In base 8, what is -1546 - 5?
-1553
In base 13, what is 91 + -7?
87
In base 12, what is 25 + 4b?
74
In base 3, what is 122022 - 11?
122011
In base 16, what is -3 - -139?
136
In base 10, what is 2 - -55?
57
In base 8, what is -244 + 5?
-237
In base 7, what is 14 - 31?
-14
In base 14, what is 890 - 1?
88d
In base 6, what is 213 - 5?
204
In base 3, what is -1201 - 202?
-2110
In base 14, what is -5 - -2b?
26
In base 16, what is -5 + 17?
12
In base 12, what is -721 - 14?
-735
In base 9, what is -238 - 3?
-242
In base 6, what is 3 - 14001?
-13554
In base 15, what is 1 - 1?
0
In base 14, what is -61 - 0?
-61
In base 3, what is -1021 - 2002?
-10100
In base 2, what is 10110111000 + 10?
10110111010
In base 8, what is 4 - -10275?
10301
In base 8, what is -417 - 2?
-421
In base 3, what is 0 + 1000002?
1000002
In base 4, what is 11 - -21111?
21122
In base 14, what is 0 + -1c?
-1c
In base 15, what is -1de - -2?
-1dc
In base 11, what is -2a + -1?
-30
In base 15, what is 161 - 7?
159
In base 8, what is 33 + -107?
-54
In base 16, what is ab7 - 4?
ab3
In base 3, what is 100022200 + -1?
100022122
In base 8, what is -17371 + 2?
-17367
In base 7, what is -2 + 10400?
10365
In base 4, what is 13 - 230?
-211
In base 5, what is -4 - 3401?
-3410
In base 5, what is 1303422 + 2?
1303424
In base 4, what is -10 + 23010?
23000
In base 4, what is 1011 - -1020?
2031
In base 5, what is -10 + 31?
21
In base 10, what is 9 - 259?
-250
In base 5, what is -3 - 22203?
-22211
In base 15, what is -3 - 40c?
-410
In base 2, what is 101101010 + -101001?
101000001
In base 6, what is -24 - -210?
142
In base 6, what is 1020 - 5?
1011
In base 8, what is 13 - 3?
10
In base 3, what is -120201 + -1?
-120202
In base 4, what is -103 + 32?
-11
In base 15, what is -97 - 6?
-9d
In base 16, what is -6 - -c?
6
In base 5, what is -11441 + -1?
-11442
In base 12, what is 80 + -15?
67
In base 7, what is 30 + 6?
36
In base 8, what is 613 - -4?
617
In base 7, what is 242 - -4?
246
In base 2, what is 10001101 - -100?
10010001
In base 6, what is -5 - -1103?
1054
In base 12, what is a4 - 5?
9b
In base 16, what is -149 + -3?
-14c
In base 7, what is 1213 + 20?
1233
In base 14, what is -40 - -25?
-19
In base 12, what is 5b - 50?
b
In base 8, what is 2241 - 14?
2225
In base 13, what is 4 + -176b?
-1767
In base 7, what is 120 + 5?
125
In base 2, what is 11 - 1?
10
In base 15, what is 2e + a?
39
In base 9, what is -1822 + -5?
-1827
In base 4, what is -312 - 3?
-321
In base 13, what is 1a06 + -3?
1a03
In base 7, what is 4 + 1116?
1123
In base 16, what is 51 + -79?
-28
In base 14, what is 2 + 41?
43
In base 9, what is 283 + -10?
273
In base 3, what is 111 - 100?
11
In base 16, what is -132 - -1?
-131
In base 5, what is -10 - 230?
-240
In base 16, what is 1 + -56?
-55
In base 2, what is 100011 - 100?
11111
In base 8, what is -3 + -545?
-550
In base 8, what is 134 - 1?
133
In base 11, what is 93 - -13?
a6
In base 15, what is 4 + aa7?
aab
In base 15, what is -4 + 9a?
96
In base 11, what is -72 + 14?
-59
In base 5, what is 4 + 111131?
111140
In base 4, what is 23231 - 11?
23220
In base 6, what is -4 - 21215?
-21223
In base 5, what is 1023 + -344?
124
In base 7, what is -325 + 10?
-315
In base 4, what is -2113 - -300?
-1213
In base 12, what is -886 - -1?
-885
In base 16, what is 4 - -3e?
42
In base 14, what is -154 - 4?
-158
In base 13, what is -4 + -20?
-24
In base 5, what is 1 - 10?
-4
In base 15, what is -12b + -5?
-131
In base 9, what is -13 + 31?
17
In base 9, what is -22 + -10?
-32
In base 12, what is -b - 1b?
-2a
In base 3, what is 2 + 1?
10
In base 5, what is -14400 + -1?
-14401
In base 11, what is -5 - -36?
31
In base 8, what is -10 - -14?
4
In base 10, what is 91 + 4?
95
In base 14, what is 3 - -25?
28
In base 13, what is -4 + 15?
11
In base 13, what is 5 - 8?
-3
In base 15, what is -62 + 4?
-5d
In base 2, what is 111110111101101 + 0?
111110111101101
In base 6, what is -12 - -1013?
1001
In base 2, what is 1000111001111 + -11?
1000111001100
In base 8, what is -14640 - 1?
-14641
In base 15, what is 1 - -18?
19
In base 4, what is -233 + 101?
-132
In base 14, what is -8163 - -1?
-8162
In base 9, what is -168 - -1?
-167
In base 5, what is -230 + -102?
-332
In base 9, what is -78 - 4?
-83
In base 10, what is -48 - 0?
-48
In base 14, what is -1 - 92?
-93
In base 3, what is 110220 - -12?
111002
In base 2, what is -11001101 + 1010?
-11000011
In base 8, what is 0 - -71?
71
In base 16, what is 3 - -f9?
fc
In base 4, what is 3000 + 3?
3003
In base 13, what is c76 + -c?
c67
In base 5, what is 42 + -1?
41
In base 7, what is -20502 - 2?
-20504
In base 8, what is 143 - -4?
147
In base 11, what is 57 + 3?
5a
In base 8, what is 764 + 21?
1005
In base 5, what is -204211 + 2?
-204204
In base 3, what is 0 - 22?
-22
In base 9, what is -1536 - 3?
-1540
In base 9, what is -7 + -1058?
-1066
In base 11, what is 2024 - 0?
2024
In base 15, what is -197 - 29?
-1c1
In base 16, what is c + -4?
8
In base 7, what is 132 - 2?
130
In base 16, what is -6 + -42?
-48
In base 5, what is -10 - 4321?
-4331
In base 10, what is -209 - 5?
-214
In base 3, what is -2212 - 2210?
-12122
In base 6, what is 13 + 3?
20
In base 15, what is be - 2?
bc
In base 3, what is 12 + -2?
10
In base 8, what is 5 + -7?
-2
In base 4, what is -3 - 120?
-123
In base 8, what is 1 + 1022?
1023
In base 5, what is -2432 - -21?
-2411
In base 10, what is 5 + -69?
-64
In base 15, what is 509 - 3?
506
In base 10, what is -4 + 199?
195
In base 10, what is -88 + -45?
-133
In base 10, what is 607 + -3?
604
In base 7, what is 14 + -23?
-6
In base 2, what is 1010 - -111001?
1000011
In base 3, what is -12220102 + 11?
-12220021
In base 10, what is 13 - -294?
307
In base 10, what is 4 - 9?
-5
In base 14, what is -44 - -41?
-3
In base 11, what is 2216 - -3?
2219
In base 11, what is -5954 + -2?
-5956
In base 16, what is -a - -c2?
b8
In base 8, what is -4 - 15041?
-15045
In base 5, what is -2 - -204?
202
In base 9, what is 12626 + 3?
12630
In base 16, what is -2 + -2f?
-31
In base 16, what is -12 + -1?
-13
In base 3, what is -1120 + -12?
-1202
In base 15, what is 4 - -4?
8
In base 6, what is 4 - -1112?
1120
In base 13, what is -283 - 1?
-284
In base 15, what is -5 + 23e?
239
In base 2, what is -100111 + 1111?
-11000
In base 15, what is -1ab - -2?
-1a9
In base 14, what is -809 - -4?
-805
In base 11, what is -15 - 2a1?
-306
In base 12, what is -126 + 4?
-122
In base 6, what is 1013 + -4?
1005
In b